e
Is 272769 a multiple of 4?
False
Does 6 divide 318930?
True
Is 83 a factor of 655745?
False
Does 11 divide 2221571?
True
Does 94 divide 112757?
False
Is 335939 a multiple of 19?
True
Is 592410 a multiple of 30?
True
Does 13 divide 5192321?
False
Is 1829935 a multiple of 139?
True
Is 7 a factor of 321419?
True
Is 209880 a multiple of 495?
True
Is 139889 a multiple of 24?
False
Is 441362 a multiple of 392?
False
Does 80 divide 198240?
True
Is 1161540 a multiple of 217?
False
Does 21 divide 1178415?
True
Does 145 divide 236115?
False
Is 286578 a multiple of 9?
True
Is 786932 a multiple of 331?
False
Does 67 divide 101773?
True
Is 4342994 a multiple of 25?
False
Is 328 a factor of 9632517?
False
Is 232 a factor of 239424?
True
Does 17 divide 1031338?
False
Is 6821194 a multiple of 83?
False
Is 2192685 a multiple of 7?
False
Is 1681020 a multiple of 849?
True
Is 7 a factor of 77126?
True
Does 225 divide 1094489?
False
Is 85244 a multiple of 101?
True
Is 6976744 a multiple of 346?
True
Does 56 divide 2567653?
False
Is 6 a factor of 91261?
False
Is 189 a factor of 33431?
False
Is 8 a factor of 352782?
False
Is 11 a factor of 1635262?
False
Does 1135 divide 4054220?
True
Does 173 divide 1495061?
False
Is 263160 a multiple of 24?
True
Is 150 a factor of 614481?
False
Is 20 a factor of 356774?
False
Does 97 divide 624568?
False
Is 145 a factor of 74526?
False
Is 21 a factor of 2948442?
True
Does 15 divide 1051695?
True
Does 25 divide 51813?
False
Is 12514397 a multiple of 20?
False
Is 492 a factor of 184002?
False
Does 66 divide 10847034?
True
Does 143 divide 4389814?
True
Does 10 divide 2351760?
True
Is 26 a factor of 97473?
False
Is 263578 a multiple of 129?
False
Is 51663 a multiple of 51?
True
Is 755568 a multiple of 22?
True
Does 77 divide 86625?
True
Is 871288 a multiple of 4?
True
Is 12735295 a multiple of 224?
False
Is 1830 a factor of 5985930?
True
Is 883617 a multiple of 21?
True
Does 663 divide 282206?
False
Is 25471 a multiple of 6?
False
Does 224 divide 2639168?
True
Does 20 divide 3732364?
False
Does 6 divide 7167?
False
Is 50369 a multiple of 9?
False
Is 148 a factor of 924704?
True
Is 66 a factor of 490182?
True
Does 26 divide 382948?
False
Is 51301 a multiple of 41?
False
Does 17 divide 1721335?
True
Is 961375 a multiple of 56?
False
Does 663 divide 2217072?
True
Does 684 divide 510264?
True
Does 52 divide 191647?
False
Is 170 a factor of 273870?
True
Does 128 divide 58425?
False
Is 184 a factor of 233864?
True
Is 111328 a multiple of 49?
True
Does 1163 divide 9741288?
True
Does 2284 divide 28077212?
True
Is 4098626 a multiple of 9?
False
Is 18 a factor of 192906?
True
Is 386 a factor of 1124418?
True
Is 4066043 a multiple of 17?
True
Is 270 a factor of 3285332?
False
Does 219 divide 173901?
False
Is 35 a factor of 49945?
True
Is 341172 a multiple of 6?
True
Does 20 divide 155720?
True
Does 26 divide 189488?
True
Is 26 a factor of 70824?
True
Does 4 divide 62014?
False
Is 244 a factor of 1525000?
True
Is 4117174 a multiple of 293?
False
Is 36 a factor of 234767?
False
Is 18347 even?
False
Is 15 a factor of 5631477?
False
Is 178068 a multiple of 71?
True
Is 399 a factor of 194807?
False
Is 267097 a multiple of 75?
False
Does 880 divide 745360?
True
Is 96 a factor of 44544?
True
Does 50 divide 2154550?
True
Is 88 a factor of 167288?
True
Is 35 a factor of 224595?
True
Is 57 a factor of 67716?
True
Is 43 a factor of 355147?
False
Is 176960 a multiple of 316?
True
Does 4 divide 301916?
True
Is 92304 a multiple of 72?
True
Is 18 a factor of 413856?
True
Is 4568189 a multiple of 29?
False
Is 38 a factor of 6058188?
True
Is 7279992 a multiple of 36?
True
Is 47 a factor of 1276614?
True
Is 94 a factor of 174840?
True
Is 5 a factor of 191716?
False
Is 138598 a multiple of 131?
True
Is 31 a factor of 308574?
True
Is 147449 a multiple of 31?
False
Does 48 divide 399552?
True
Is 50690 a multiple of 10?
True
Is 45 a factor of 81977?
False
Does 148 divide 148369?
False
Does 46 divide 7353392?
False
Is 135409 a multiple of 128?
False
Is 6 a factor of 42735?
False
Is 16 a factor of 104480?
True
Does 6 divide 3022554?
True
Is 5571272 a multiple of 53?
False
Does 49 divide 849562?
True
Is 425 a factor of 31450?
True
Is 2396158 a multiple of 2?
True
Is 836847 a multiple of 869?
True
Is 132246 a multiple of 27?
True
Is 25762 a multiple of 2?
True
Is 77 a factor of 5352696?
False
Does 1624 divide 9222696?
True
Does 3 divide 679425?
True
Is 12 a factor of 39813?
False
Is 600 a multiple of 4?
True
Is 63 a factor of 163107?
True
Does 61 divide 56181?
True
Does 66 divide 3055850?
False
Is 2341170 a multiple of 667?
True
Is 93 a factor of 434031?
True
Is 4 a factor of 641424?
True
Does 219 divide 171199?
False
Does 2067 divide 9882327?
True
Is 2 a factor of 7634?
True
Is 244 a factor of 110399?
False
Is 63400 a multiple of 50?
True
Is 20886500 a multiple of 740?
True
Is 22 a factor of 3015378?
False
Does 182 divide 3755388?
True
Is 44 a factor of 359480?
True
Does 155 divide 805453?
False
Is 896607 a multiple of 94?
False
Is 195040 a multiple of 16?
True
Is 100521 a multiple of 459?
True
Is 1980 a factor of 14680448?
False
Is 13 a factor of 2038488?
False
Does 5 divide 36405?
True
Does 15 divide 576838?
False
Does 58 divide 1270076?
False
Is 754 a factor of 12498932?
False
Is 683316 a multiple of 148?
True
Does 29 divide 7305?
False
Is 14 a factor of 3597654?
False
Is 170 a factor of 196904?
False
Is 68 a factor of 1669197?
False
Is 1793592 a multiple of 4?
True
Is 101 a factor of 370400?
False
Does 19 divide 4418999?
False
Is 27090 a multiple of 3?
True
Is 393387 a multiple of 227?
False
Does 11 divide 147785?
True
Is 1697 a factor of 12746519?
False
Is 1099665 a multiple of 315?
True
Does 12 divide 1761767?
False
Does 39 divide 114855?
True
Is 8307320 a multiple of 35?
True
Is 183 a factor of 107238?
True
Is 501960 a multiple of 376?
True
Is 12759 a multiple of 3?
True
Does 35 divide 29925?
True
Is 225 a factor of 29025?
True
Is 12093956 a multiple of 889?
True
Does 10 divide 25116?
False
Does 28 divide 86716?
True
Is 114792 a multiple of 24?
True
Is 27 a factor of 68161?
False
Is 370175 a multiple of 5?
True
Does 88 divide 139216?
True
Is 497 a factor of 177079?
False
Does 12 divide 1965646?
False
Does 118 divide 501923?
False
Does 12 divide 1272120?
True
Is 1148616 a multiple of 28?
True
Is 22 a factor of 531960?
True
Does 262 divide 53387?
False
Is 254116 a multiple of 435?
False
Is 7 a factor of 741370?
True
Is 92 a factor of 15551772?
True
Is 6379 a multiple of 2?
False
Is 3042105 a multiple of 309?
True
Is 321 a factor of 17334?
True
Does 9 divide 60462?
True
Is 1292 a factor of 4497702?
False
Is 649577 a multiple of 14?
False
Is 2261683 a multiple of 41?
True
Is 12 a factor of 1083145?
False
Is 29 a factor of 19780?
False
Does 22 divide 3729308?
True
Is 21 a factor of 87587?
False
Is 824331 a multiple of 7?
False
Does 16 divide 1551136?
True
Is 444 a factor of 3510708?
True
Does 167 divide 1977913?
False
Is 18 a factor of 748260?
True
Is 470371 a multiple of 109?
False
Is 11 a factor of 37411?
True
Does 7 divide 938801?
False
Does 1060 divide 3469380?
True
Does 641 divide 961859?
False
Is 122 a factor of 9870898?
True
Is 19 a factor of 144799?
True
Is 18 a factor of 335120?
False
Is 383 a factor of 5479198?
True
Is 12 a factor of 301212?
True
Is 235 a factor of 1501415?
True
Is 241885 a multiple of 94?
False
Is 27 a factor of 6042492?
True
Is 133 a factor of 2701895?
True
Does 11 divide 9726133?
False
Is 11 a factor of 1804539?
True
Is 818064 a multiple of 171?
True
Is 884427 a multiple of 155?
False
Is 21995847 a multiple of 129?
False
Is 561630 a multiple of 30?
True
Is 425 a factor of 2631175?
True
Is 181090 a multiple of 239?
False
Is 7942872 a multiple of 698?
False
Is 241 a factor of 2775305?
False
Does 38 divide 86640?
True
Is 915472 a multiple of 345?
False
Is 4 a factor of 58809?
False
Is 81791 a multiple of 130?
False
Is 149 a factor of 4834695?
False
Does 39 divide 5442?
False
Does 29 divide 128830?
False
Does 9 divide 1287?
True
Is 128 a factor of 8842551?
False
Is 35292 a multiple of 68?
True
Does 57 divide 631503?
True
Does 61 divide 234301?
True
Is 2233820 a multiple of 305?
True
Is 418887 a multiple of 183?
True
Is 8328 a multiple